63
Suppose -2755 + 375 = -7*g. Let h be ((-476)/g)/((-1)/115). Calculate the highest common divisor of h and 23.
23
Suppose -3*g + 795 + 822 = 0. Suppose -g - 1141 = -7*u. Calculate the greatest common factor of 75 and u.
15
Let i(o) = 59*o**2 + 1. Let d be i(1). Let j be (5/(-2))/(22/(-44)). Suppose -2*q + 6 = 0, -q + 6*q = j*m - 225. What is the highest common divisor of d and m?
12
Suppose 0 = 87*c - 240*c + 115*c + 12958. Calculate the highest common divisor of 55 and c.
11
Suppose -v + 262 = 4*g, 612*g + 615 = 2*v + 607*g. What is the greatest common divisor of 90 and v?
10
Let b = 35 - -56. What is the highest common factor of 403 and b?
13
Let n(j) = -j**3 + 22*j**2 + 75*j + 6. Let i be n(25). Let f be (-4 - 24/(-6)) + 96. What is the highest common factor of i and f?
6
Suppose 0 = -638*l + 1109*l - 5181. Let n = 34 + 120. What is the highest common divisor of l and n?
11
Let d = 2374 + -857. Suppose -11*j + d = 26*j. What is the greatest common factor of j and 123?
41
Let y be (12/10)/((-5)/(-125)*5). Let s(u) = 59*u + 355. Let t be s(-6). What is the greatest common divisor of y and t?
1
Let v = -3 - -24. Suppose -23*i - 2772 = 17*i - 172*i. Calculate the greatest common divisor of v and i.
21
Suppose 0 = 4*x - 4*k - 24, -x - 8*k + 3*k = -30. Suppose -x = 8*m - 10*m. Suppose 5*p - m = 20. What is the greatest common divisor of p and 35?
5
Suppose -5*d + 67 = 4*x - 174, -116 = -2*x - 4*d. Let a = 42 + x. Calculate the greatest common factor of 265 and a.
53
Suppose -2*n = -4, -22*c + n = -27*c + 297. What is the greatest common factor of c and 43011?
59
Let c be -13 + (-164986)/(-36) - (-6)/108. Calculate the highest common divisor of c and 20.
10
Suppose 5*x = -6*x + 429. Let r(q) = 17*q**2 + 6*q - 5. Let i = -1 + -4. Let t be r(i). Calculate the highest common factor of x and t.
39
Let a(t) = 2*t**2 - 56*t - 247. Let d be a(-4). Suppose -2*v + 10 = 0, 2*l - 739 = -l - 2*v. Calculate the greatest common factor of d and l.
9
Let t = -6727 - -7107. Calculate the highest common divisor of t and 608.
76
Suppose -2*c - 2*g = -112, -80*c + 81*c = -3*g + 64. Suppose -5*u - c = -i, -5*i + 28 = 3*u - 176. Calculate the highest common factor of 273 and i.
21
Let h = -36 - -92. Let m = -52 + h. Suppose 4*r = 16, r + 202 + 370 = m*w. Calculate the highest common divisor of 16 and w.
16
Suppose 5*x + 5*h - 3330 = 0, -486*x + 1992 = -483*x + 2*h. Calculate the highest common divisor of x and 240.
60
Let y(s) = -27*s - 1. Let f be y(-3). Let v be f/6*(-180)/(-100). Suppose -3*d = 6 - 54. What is the highest common factor of d and v?
8
Suppose 5*c + f = 17231, 4*c - 8632 = 5*f + 5176. Calculate the highest common divisor of c and 18.
9
Suppose w - 17 = -5*f, 0*w + 2*w = 5*f - 26. Let u be 0/4 + (6 - f). What is the highest common divisor of 10 and u?
2
Let x be (16/(-10))/(-2 - 3744/(-1880)). Let s = -174 + x. Suppose -5*q + q = -504. Calculate the highest common factor of s and q.
14
Let z be (-19 + 0)/(642/54 - 12). Suppose 72 = l - 2*k - 0*k, -2*l + 148 = -2*k. Calculate the greatest common divisor of l and z.
19
Suppose 16*q + 124868 = 92*q. What is the greatest common divisor of 31 and q?
31
Let d(a) = -18*a - 24. Let x be d(-13). Suppose 4*o + g - 168 = -0*g, 0 = -5*o + 4*g + x. What is the highest common divisor of 308 and o?
14
Suppose -4512*b + 4554*b - 72450 = 0. Calculate the greatest common divisor of b and 50.
25
Let w be -107*(2 - (4 - 3)). Let d = w - -129. What is the greatest common divisor of 22 and d?
22
Let p be ((2 - (-17)/(-8))*14)/(65/(-780)). Calculate the highest common divisor of 112 and p.
7
Suppose 4*t - 3*b = 132, -2*t - 3*b = 2*b - 92. Suppose 38*p - 112 = t*p. Let c be 4/3*105/10. What is the greatest common divisor of p and c?
14
Suppose -476 + 22421 = 35*z. Suppose -617*v - 1380 = -z*v. Calculate the greatest common factor of 621 and v.
69
Suppose 3*q - 109 = -5*h - 0, -4*q - 3*h + 127 = 0. Suppose y - 74 = -2*z, z + 0*z - 31 = y. Calculate the greatest common divisor of z and q.
7
Suppose 4*n + f - 12468 = -f, 3*n + 4*f = 9366. What is the highest common factor of n and 18?
18
Let j(q) = -q**3 + 27*q + 33. Let g be j(-10). Let t = g + -507. What is the greatest common factor of t and 24?
8
Suppose 1 = o, -4*a + a = 5*o - 5. Suppose a = -w - 6 + 10. Suppose 2*r + 2*c - 6 = 0, -4 = -w*c - 20. Calculate the greatest common divisor of 77 and r.
7
Suppose 0 = -5*q - 12 - 18. Let g be (-183)/q - (-2)/(-4). Let p = -994428 + 994464. What is the greatest common factor of g and p?
6
Suppose 0 = 2*f - p + 1513, -3*p = f + 4*f + 3755. Let g = f - -1153. What is the greatest common divisor of g and 114?
57
Let r = 4497 + -4393. What is the greatest common divisor of r and 1508?
52
Let k(i) = -i + 13. Let v be k(4). Suppose -v*d + 196 = -497. Calculate the greatest common factor of d and 22.
11
Suppose -4*l + 7 = 3*a + 42, -3*l = 5*a + 40. Let k(r) = r**3 + 5*r**2 - 7*r - 5. Let n be k(a). Calculate the greatest common divisor of n and 120.
30
Let l be -35 - (6/(-5))/(9/30). Let d = l + 109. Calculate the greatest common factor of d and 182.
26
Let o = 38662 - 33409. Calculate the highest common factor of 3399 and o.
309
Let f = 79 - -11. Let i(s) = 4*s**3 + 2*s**2 - 20*s + 54. Let v be i(0). What is the highest common factor of v and f?
18
Let h be 26*((-6)/(-4))/3. Let v be h*2/(1 + 1). Let f = 29480 + -29441. What is the greatest common factor of v and f?
13
Let n be (((-1008)/(-30))/8)/(17/32895). What is the greatest common divisor of n and 189?
189
Let i = 20666 + -20234. What is the highest common divisor of 279 and i?
9
Suppose -107 = -9*o - 35. Let c be ((-36)/o)/(3/(-42)). Calculate the greatest common divisor of 336 and c.
21
Suppose 632*k - 634*k + 4*o + 34832 = 0, -o = -6*k + 104529. Calculate the highest common factor of k and 62.
62
Let g be ((-32)/20)/((-22)/605). Let v = 73 - g. What is the greatest common factor of 232 and v?
29
Suppose p + 2*p - 207 = 3*s, 0 = -3*p + s + 209. Let b = -46 - -58. Suppose -7*j = -b*j + p. What is the highest common factor of j and 126?
14
Let s(u) = 7*u**2 - 42*u - 154. Let f be s(14). What is the greatest common divisor of f and 1365?
105
Let s be -2 + 4/(2 + -1). Let w be ((-2)/4)/(s/152). Let f be 44/16*-2*w. Calculate the highest common factor of f and 19.
19
Suppose 0 = -4*k - 3*r - r + 84, 5*k - 5*r = 75. What is the greatest common divisor of k and 1278?
18
Let g = 7443 + -7415. Calculate the greatest common factor of g and 91.
7
Let o = -5466 + 5781. What is the greatest common factor of o and 175?
35
Let n(g) = -5*g + 5. Let u be n(-5). Let c(m) = 115 - 93 - 8*m + 245 - m. Let j be c(23). Calculate the greatest common factor of u and j.
30
Suppose -10734*q - 7812 = -10762*q. Calculate the greatest common factor of 124 and q.
31
Suppose 10*o + 7*o - 748 = 0. Suppose -3*d - o + 128 = 0. Suppose 0 = w + 8 - 22. What is the highest common factor of d and w?
14
Let j(x) = -x**3 + 39*x**2 - 11*x - 197. Let i be j(39). Let k = -541 - i. What is the greatest common divisor of k and 5?
5
Let v(b) = 3*b**3 + 21*b**2 + 18*b - 45. Let i be v(-5). Suppose 31 = x - 6. Let g = -7 + x. Calculate the highest common factor of i and g.
15
Suppose 3450 = 497*r - 382*r. What is the highest common divisor of r and 8580?
30
Let o(g) = -5*g - 95. Let d be o(-24). Suppose 4*c + d = 4*x - c, -c + 13 = x. Calculate the greatest common divisor of x and 70.
10
Let w = 38 - 54. Let d = 24 - w. Let a = d + -7. What is the greatest common divisor of 66 and a?
33
Let x(v) = -27*v**3 + 6*v**2 + 31*v - 23. Let c be x(-4). Calculate the highest common divisor of 351 and c.
39
Suppose 0 = 3*m + 126 - 198. Let j(z) = z**2 - 21*z - 71. Let g be j(m). What is the highest common divisor of 7 and g?
1
Suppose -4*f = -f - 57. Suppose -a = 2*u - 14, 168 = -4*a - 3*u + 194. Calculate the greatest common factor of f and a.
1
Let f be (1 - -1)/(8/20). Suppose -f*y - 25 = -10*y. Suppose -47*w + 6786 = -13*w + 5596. Calculate the highest common divisor of w and y.
5
Let k(i) = 2*i**2 + 4*i - 23. Let z be k(8). Let j = 168 - z. What is the greatest common divisor of 279 and j?
31
Suppose 4*x + 403 = -2*k + 2963, -2*x + 1280 = -k. Let j be 344880/x + 2/(-32)*-2. What is the greatest common factor of j and 98?
49
Supp